10
6333279
What is 250576 (base 10) in base 16?
3d2d0
What is -1662003 (base 7) in base 4?
-321001302
Convert 13b9e (base 15) to base 6.
1205222
What is -21c63 (base 14) in base 15?
-1947a
What is 31165 (base 14) in base 16?
1ce05
Convert 42822 (base 13) to base 11.
82198
What is 45051445 (base 8) in base 3?
200021212011201
Convert 201c08 (base 14) to base 5.
234041002
Convert 4121410324 (base 5) to base 4.
133333321312
What is 100000111221100 (base 3) in base 9?
10014840
Convert -12221122212 (base 3) to base 10.
-117122
Convert 1300330034 (base 5) to base 8.
13755415
-133100430 (base 5) to base 11
-421251
What is 427314 (base 12) in base 2?
100000000001100000000
-228a64 (base 13) to base 3
-1112121112102
Convert 17ddcb9 (base 14) to base 4.
231020221123
What is -61504365 (base 8) in base 4?
-301220203311
57947 (base 11) to base 4
110123032
What is 26a5bb (base 12) in base 13?
19553c
Convert 655010 (base 8) to base 13.
78c98
What is -1010101110001110111 (base 2) in base 13?
-c3c00
What is e9b98 (base 15) in base 14?
154459
Convert -1010111111011011 (base 2) to base 12.
-22077
What is -100111001001100110100 (base 2) in base 14?
-255736
What is 12341114 (base 5) in base 11?
83242
45404035 (base 7) to base 10
3951043
Convert -48196 (base 15) to base 4.
-320013222
Convert -d50e (base 16) to base 6.
-1100302
Convert -1b762e (base 15) to base 12.
-548245
What is beec (base 15) in base 10?
40497
What is 10343130 (base 5) in base 3?
11121000201
What is -4167075 (base 9) in base 13?
-600956
2626a7 (base 11) to base 9
700132
-30943 (base 14) to base 7
-665213
What is 104701 (base 10) in base 7?
614152
Convert -23330510 (base 6) to base 10.
-727242
Convert -177846 (base 10) to base 9.
-300856
What is 1ecefd (base 16) in base 9?
3716570
51766610 (base 8) to base 12
38289a0
What is -2223124 (base 5) in base 6?
-501152
What is -1001101011000101101111 (base 2) in base 15?
-35152b
818b38 (base 13) to base 9
5610403
What is -301333323 (base 4) in base 12?
-9a623
What is c97a7 (base 14) in base 6?
14235331
-135164153 (base 7) to base 5
-4231400342
Convert -3b5d53 (base 16) to base 12.
-1377557
Convert -20112001 (base 5) to base 15.
-32736
333021501 (base 6) to base 4
112332013231
-6453627 (base 9) to base 14
-6610b7
Convert -3324021023 (base 5) to base 4.
-123222112330
Convert bf9ac (base 16) to base 8.
2774654
What is 2130166 (base 7) in base 16?
3f54d
What is -113330330 (base 4) in base 11?
-6778a
What is -1010101110011110100011 (base 2) in base 4?
-22232132203
-54180 (base 15) to base 11
-172640
-202115 (base 7) to base 16
-8639
11022110010 (base 3) to base 2
10100101110011011
What is 10101110110111 (base 2) in base 8?
25667
What is -20a795 (base 15) in base 14?
-2c6595
1141213 (base 5) to base 13
99a9
Convert 187645 (base 12) to base 3.
210201201222
-22012022012002 (base 3) to base 11
-2505730
What is -22211022221111 (base 3) in base 4?
-101321102002
Convert 86006a (base 13) to base 10.
3141798
700777 (base 8) to base 10
229887
-11100001111100 (base 2) to base 6
-150540
What is -34270 (base 10) in base 13?
-127a2
1058c92 (base 13) to base 9
10344067
What is b659b7 (base 13) in base 7?
51164602
cbeaf (base 16) to base 15
117732
Convert -213212321 (base 4) to base 6.
-3251025
32a03 (base 11) to base 16
bab6
Convert -267433 (base 10) to base 3.
-111120211221
Convert 18c702 (base 15) to base 13.
3331a0
Convert 17035 (base 9) to base 16.
2db0
What is -1aa41e (base 16) in base 11?
-a92838
What is 12543 (base 15) in base 7?
332511
Convert 202320030 (base 4) to base 5.
14032420
1111101011000010101 (base 2) to base 8
1753025
100002021210 (base 3) to base 13
63510
Convert -1021234241 (base 5) to base 14.
-3d782c
What is -204025004 (base 6) in base 4?
-31202211130
What is 320010 (base 5) in base 3?
112120201
Convert 1033421 (base 7) to base 12.
60b78
205504250 (base 6) to base 14
6a7a62
-20074604 (base 8) to base 6
-230322032
-1040ad (base 14) to base 10
-548953
What is -120022220121 (base 3) in base 12?
-126751
What is -2723172 (base 9) in base 13?
-402c68
Convert -1441411 (base 5) to base 2.
-111100010001000
2221230003 (base 4) to base 2
10101001101100000011
Convert -4000030 (base 7) to base 10.
-470617
1bc5b (base 14) to base 11
49406
1052373 (base 9) to base 4
2022023331
Convert -a0a33 (base 14) to base 13.
-106a00
Convert -111011101111100101 (base 2) to base 9.
-412608
425100 (base 9) to base 10
253044
-54375 (base 8) to base 12
-11225
What is -7860a (base 12) in base 4?
-213001222
-5300134 (base 6) to base 5
-31203131
Convert 22025165 (base 7) to base 8.
7151345
Convert -1112322231 (base 5) to base 16.
-259942
110001110010011001111000 (base 2) to base 15
122c1ac
106135 (base 9) to base 14
19224
Convert 686533 (base 11) to base 4.
10022213131
55700 (base 9) to base 5
2141032
Convert 4394e (base 15) to base 5.
23332344
8a358 (base 11) to base 5
13141424
-2123244404 (base 5) to base 7
-53220543
-815554 (base 11) to base 2
-100111111111010100000
Convert 2687449 (base 11) to base 3.
22201112221220
109595 (base 16) to base 10
1086869
-6567418 (base 10) to base 16
-6435fa
Convert -8b1289 (base 14) to base 10.
-4728425
What is c18147 (base 14) in base 10?
6514515
Convert 1b5bb0 (base 12) to base 14.
c9820
Convert 111200211012 (base 3) to base 9.
450735
What is -484711 (base 13) in base 5?
-420124040
221420204 (base 5) to base 3
1211010101012
-10112302 (base 4) to base 10
-17842
What is -1446555 (base 9) in base 8?
-3027766
What is 310471 (base 8) in base 14?
29609
Convert -1800594 (base 12) to base 15.
-684c17
What is -25200 (base 16) in base 7?
-1202223
Convert -30486 (base 10) to base 8.
-73426
What is 55345213 (base 6) in base 11?
a36185
What is -188552 (base 9) in base 2?
-11100110000111101
-64054201 (base 7) to base 4
-110230202302
Convert -10234144042 (base 5) to base 2.
-101001011000111001101001
What is -4645902 (base 11) in base 6?
-450003152
Convert 8d360d (base 14) to base 8.
22265235
What is 1289984 (base 10) in base 3?
2102112112012
-446605 (base 7) to base 12
-399b1
What is 7bba72 (base 12) in base 10?
1990454
5c2cd (base 16) to base 14
9b83b
Convert -496a1 (base 13) to base 9.
-225360
What is -3633441 (base 7) in base 11?
-296324
7c561 (base 15) to base 11
250653
What is 148337 (base 13) in base 15?
9e37b
Convert -1abad2 (base 16) to base 11.
-a97141
Convert 1102212212 (base 5) to base 10.
2382182
Convert -7407 (base 12) to base 4.
-3012013
-1a3e44 (base 16) to base 5
-420014001
What is -110301 (base 9) in base 15?
-147a4
What is 33748 (base 9) in base 7?
122354
Convert -dec7 (base 16) to base 13.
-1cc60
What is -1212303240 (base 5) in base 6?
-141054550
What is -2121000210211 (base 3) in base 7?
-14500441
What is -7640115 (base 8) in base 10?
-2048077
Convert 120322102 (base 4) to base 12.
4b06a
What is 3851574 (base 9) in base 7?
23566360
Convert 58107 (base 12) to base 2.
11100101110010111
Convert -5827200 (base 11) to base 15.
-d62bd9
Convert -807423 (base 9) to base 5.
-110242330
Convert 1000100011100101 (base 2) to base 13.
12c4a
69aa00 (base 12) to base 7
20302263
-915298 (base 10) to base 15
-1312ed
Convert -411402254 (base 6) to base 12.
-245338a
Convert -2215510 (base 7) to base 2.
-1000010101110000000
5665135 (base 8) to base 15
204a3c
-41102111 (base 5) to base 11
-2070a2
1224245 (base 9) to base 6
22134152
What is -33b2b0 (base 12) in base 11?
-516208
521221152 (base 6) to base 13
1b3bc99
Convert 1420232213 (base 5) to base 12.
1295984
What is -50f4f9 (base 16) in base 15?
-6ec063
101222201 (base 4) to base 15
16688
What is 170237 (base 9) in base 4?
121223110
302343 (base 8) to base 16
184e3
1404177 (base 9) to base 16
bc290
Convert -15150055 (base 6) to base 5.
-113340012
Convert 12120001222 (base 3) to base 8.
325533
What is 1112100 (base 3) in base 15?
4e6
What is -11101001011001010000 (base 2) in base 10?
-955984
-48404 (base 13) to base 14
-36404
What is -104404113 (base 5) in base 16?
-71cee
225230454 (base 6) to base 8
17724342
Convert 1824e2 (base 15) to base 11.
7307a0
What is -429617 (base 13) in base 3?
-2221102011122
What is -189aba (base 15) in base 16?
-124477
1036367 (base 12) to base 11
17aa364
Convert -3243032040 (base 5) to base 6.
-410025201
-536331 (base 7) to base 2
-10110110100011001
Convert -2762331 (base 8) to bas